, what is -3 - -1153460?
1153455
In base 10, what is 3 + 732233?
732236
In base 5, what is 241 + 2333?
3124
In base 10, what is -27 - 4849?
-4876
In base 3, what is 2001 - -112010?
121011
In base 14, what is 1515 + -6?
150d
In base 5, what is 3411 - 2201?
1210
In base 11, what is 25382 - -5?
25387
In base 10, what is -257658 - -5?
-257653
In base 16, what is 4b - fa65?
-fa1a
In base 12, what is -7b32 - -5?
-7b29
In base 9, what is 1606637 + -1?
1606636
In base 8, what is 3 + 2263046?
2263051
In base 6, what is 125 - -134051?
134220
In base 11, what is -467 + 4a39?
4582
In base 8, what is -7573 - -601?
-6772
In base 2, what is -1010 + 1001000101011?
1001000100001
In base 5, what is 33000 + 10?
33010
In base 3, what is -1001101121210 + -12?
-1001101121222
In base 16, what is -ca6 - -6a?
-c3c
In base 6, what is 12504 + -102?
12402
In base 16, what is -6d - 3c2?
-42f
In base 5, what is 13 - -3234322?
3234340
In base 15, what is 2be10 - e?
2be01
In base 13, what is -47508 - -2?
-47506
In base 4, what is 110303 - 133101?
-22132
In base 9, what is -10 + 1357?
1347
In base 5, what is 3 - 1014323?
-1014320
In base 15, what is -6a4 + -94?
-748
In base 12, what is 5733 - -2b?
5762
In base 5, what is -42031 + 20?
-42011
In base 12, what is -894 - 29?
-901
In base 3, what is -21101 + -1221012?
-2012120
In base 15, what is -33 + a30?
9ec
In base 8, what is -3236075 + -3?
-3236100
In base 9, what is 2 + 203564?
203566
In base 11, what is 3a953 - 0?
3a953
In base 13, what is 7b6 - -ab?
894
In base 13, what is 0 - 17752?
-17752
In base 7, what is -21260 - 2?
-21262
In base 3, what is 101010012112 - -11?
101010012200
In base 6, what is 2345434 - 2?
2345432
In base 6, what is 3 + 2025251?
2025254
In base 11, what is -109 - -1a5a?
1951
In base 9, what is 3 + -1435138?
-1435135
In base 7, what is -163642 - 3?
-163645
In base 5, what is 1 + -12034321?
-12034320
In base 8, what is 33377 + 4?
33403
In base 11, what is -125a6 - -26?
-12580
In base 14, what is -83 + a80?
9db
In base 5, what is 31032 + -40?
30442
In base 3, what is 1 - 211222012?
-211222011
In base 13, what is 5 + 2934?
2939
In base 6, what is -2253 - -34254?
32001
In base 13, what is 8c4 - 1060?
-469
In base 5, what is 2023 + -20332?
-13304
In base 12, what is -4 + 1580?
1578
In base 13, what is 38 - 22916?
-228ab
In base 11, what is 0 - -600a?
600a
In base 16, what is -22 - -6f?
4d
In base 11, what is -931 - 155?
-a86
In base 16, what is -d88 + 89?
-cff
In base 6, what is -105 + 1531?
1422
In base 3, what is 2 + -212222210?
-212222201
In base 4, what is -100 - 222303331?
-222310031
In base 12, what is -3 + 333a?
3337
In base 4, what is -1202123 + -3?
-1202132
In base 3, what is 2 - 2211010112?
-2211010110
In base 6, what is 3210 - 0?
3210
In base 14, what is 7c7b82 + 5?
7c7b87
In base 2, what is -11110 - 101001?
-1000111
In base 15, what is 7c90 - 24?
7c6b
In base 16, what is 65f - 436?
229
In base 9, what is -5323 - 76?
-5410
In base 8, what is 5 + -162013?
-162006
In base 5, what is 10 + -331234?
-331224
In base 7, what is 304 + -15405?
-15101
In base 9, what is -6 - -13358?
13352
In base 6, what is 150131200 + -3?
150131153
In base 15, what is 24 - -5089?
50ad
In base 15, what is -1 - -73439?
73438
In base 13, what is 5 - -3ca43?
3ca48
In base 12, what is -2 + -2633b?
-26341
In base 6, what is 25244 - 32?
25212
In base 6, what is 1455132 + -25?
1455103
In base 6, what is 10432 - 324?
10104
In base 6, what is -2 - -150212?
150210
In base 12, what is -a165 + 2?
-a163
In base 9, what is -823753 + 5?
-823747
In base 16, what is 4861 - -5?
4866
In base 4, what is 12200 - 31?
12103
In base 9, what is 2 - -3582?
3584
In base 4, what is 20233120 + -30?
20233030
In base 4, what is -1201300 - -2?
-1201232
In base 4, what is -11000001 - 20?
-11000021
In base 6, what is -145 + 11244?
11055
In base 8, what is -13470502 - -3?
-13470477
In base 15, what is -25b8 + d?
-25aa
In base 12, what is -16317 + 22?
-162b5
In base 3, what is 1011212 - -1?
1011220
In base 4, what is 113 - 1213222?
-1213103
In base 13, what is -3aa76 + 9?
-3aa6a
In base 14, what is -1357a - -4?
-13576
In base 10, what is -277010 + 5?
-277005
In base 15, what is 8 + 4ec3?
4ecb
In base 12, what is -1 + 136b2a?
136b29
In base 14, what is 3241 - 9?
3236
In base 15, what is 3 + -1bc0?
-1bbc
In base 11, what is 775 + 8a0?
1565
In base 14, what is 248 - -52?
29a
In base 16, what is -fcd + -c1?
-108e
In base 12, what is -b7 - -22641?
22546
In base 10, what is -80 - -3305?
3225
In base 5, what is 1424 - 3142?
-1213
In base 3, what is -20120110012 + -10?
-20120110022
In base 7, what is 10 - 46415?
-46405
In base 16, what is 3 - -4b8?
4bb
In base 5, what is 143 - -3340140?
3340333
In base 15, what is -201e7 - -1b?
-201cb
In base 4, what is -2101323 + 1?
-2101322
In base 2, what is 10110010110101010100111 - -11?
10110010110101010101010
In base 7, what is -4560 + -4540?
-12430
In base 10, what is -124 + 220?
96
In base 7, what is 14526 - -11?
14540
In base 4, what is 1310 - 102133?
-100223
In base 12, what is -a1b7 - a?
-a205
In base 8, what is 166 - 142735?
-142547
In base 5, what is -304322 - 1114?
-310441
In base 3, what is 11101011201 + 21?
11101011222
In base 5, what is 3 - -21241201?
21241204
In base 13, what is -3628 - ba?
-3715
In base 15, what is -37d63 - -3?
-37d60
In base 4, what is 22031 - 13333?
2032
In base 2, what is -1111010010011 + 10000010?
-1111000010001
In base 14, what is 7 + -2169a?
-21693
In base 12, what is -435 + 197?
-25a
In base 8, what is -6103 + -47?
-6152
In base 4, what is 220321023 - -3?
220321032
In base 13, what is 13 + -175?
-162
In base 2, what is -10 - -10000101010001101?
10000101010001011
In base 15, what is -29 + -216?
-240
In base 6, what is 134531150 - 5?
134531141
In base 12, what is 4a0 - 7?
495
In base 15, what is 7a4 + -27?
77c
In base 14, what is 18675c - -5?
186763
In base 6, what is -202354 + -332?
-203130
In base 7, what is -11 + -5455236?
-5455250
In base 8, what is -36436 + 7?
-36427
In base 13, what is 64c + -20c?
440
In base 7, what is -143455 + 22?
-143433
In base 15, what is -74 + 142?
bd
In base 6, what is 3 - 322?
-315
In base 13, what is 1 - 2825?
-2824
In base 4, what is -13001132 + 3320?
-12331212
In base 16, what is -16 + -f52?
-f68
In base 13, what is 132 + -85b?
-729
In base 2, what is -10101011010011101 + -101?
-10101011010100010
In base 4, what is -30232330 - -2?
-30232322
In base 6, what is 53222 - 4?
53214
In base 9, what is -1826 - -1775?
-41
In base 6, what is 3530 - -4540?
12510
In base 11, what is 6990 + 16?
69a6
In base 12, what is 2337 - 19b?
2158
In base 11, what is -158a - 106?
-1695
In base 15, what is -11d + -2d3?
-401
In base 9, what is -71 - -222?
141
In base 9, what is -65 - -2?
-63
In base 9, what is 2180 - -41?
2231
In base 10, what is -159337 - -2?
-159335
In base 6, what is -151 + 1343024?
1342433
In base 8, what is -4 + 3055651?
3055645
In base 14, what is 46bb + -17?
46a4
In base 6, what is -14432 + 3?
-14425
In base 12, what is 661a8b - -2?
661a91
In base 3, what is 1101 - -121211?
200012
In base 15, what is -1cb + 78?
-153
In base 14, what is 2620c - -3?
26211
In base 8, what is -34306 + -4?
-34312
In base 11, what is 1 - 3038?
-3037
In base 12, what is -359b1 - 8?
-359b9
In base 2, what is -1100111110111010011111 + -11?
-1100111110111010100010
In base 11, what is -152 - -61a?
478
In base 3, what is 12 - 1011121210000?
-1011121202211
In base 2, what is 0 - 10111100001110001?
-10111100001110001
In base 11, what is 0 + 169a36?
169a36
In base 13, what is 1 + a229?
a22a
In base 9, what is -2374 + -1131?
-3515
In base 10, what is 5 - 19849?
-19844
In base 4, what is -20030010 - 0?
-20030010
In base 6, what is -115 - -1232455?
1232340
In base 15, what is -36b9b + -7?
-36ba3
In base 15, what is 12cd2 - 3?
12cce
In base 12, what is 5 - 15b6ba?
-15b6b5
In base 8, what is -75710 + 5?
-75703
In base 11, what is 0 - -74445?
74445
In base 6, what is -304420 - -4?
-304412
In base 6, what is -211 + -3341?
-3552
In base 16, what is 5 - 4b6?
-4b1
In base 11, what is -74 + 616?
552
In base 9, what is 2284 - 44?
2240
In base 13, what is 2 + -255b?
-2559
In base 7, what is -224 + 104?
-120
In base 9, what is 13331 + 6?
13337
In base 5, what is 1 + 131200?
131201
In base 10, what is 8